[INFO] cloning repository https://github.com/yfractal/anycable-rs
[INFO] running `Command { std: "git" "-c" "credential.helper=" "-c" "credential.helper=/workspace/cargo-home/bin/git-credential-null" "clone" "--bare" "https://github.com/yfractal/anycable-rs" "/workspace/cache/git-repos/https%3A%2F%2Fgithub.com%2Fyfractal%2Fanycable-rs", kill_on_drop: false }`
[INFO] [stderr] Cloning into bare repository '/workspace/cache/git-repos/https%3A%2F%2Fgithub.com%2Fyfractal%2Fanycable-rs'...
[INFO] running `Command { std: "git" "rev-parse" "HEAD", kill_on_drop: false }`
[INFO] [stdout] e4cbab6381e2176918354b281c7648a1114247a9
[INFO] checking yfractal/anycable-rs against try#72f88fc4e9458f89516a0b8b0868f3718aec5b47 for pr-74989
[INFO] running `Command { std: "git" "clone" "/workspace/cache/git-repos/https%3A%2F%2Fgithub.com%2Fyfractal%2Fanycable-rs" "/workspace/builds/worker-9/source", kill_on_drop: false }`
[INFO] [stderr] Cloning into '/workspace/builds/worker-9/source'...
[INFO] [stderr] done.
[INFO] validating manifest of git repo https://github.com/yfractal/anycable-rs on toolchain 72f88fc4e9458f89516a0b8b0868f3718aec5b47
[INFO] running `Command { std: "/workspace/cargo-home/bin/cargo" "+72f88fc4e9458f89516a0b8b0868f3718aec5b47" "read-manifest" "--manifest-path" "Cargo.toml", kill_on_drop: false }`
[INFO] started tweaking git repo https://github.com/yfractal/anycable-rs
[INFO] finished tweaking git repo https://github.com/yfractal/anycable-rs
[INFO] tweaked toml for git repo https://github.com/yfractal/anycable-rs written to /workspace/builds/worker-9/source/Cargo.toml
[INFO] crate git repo https://github.com/yfractal/anycable-rs already has a lockfile, it will not be regenerated
[INFO] running `Command { std: "/workspace/cargo-home/bin/cargo" "+72f88fc4e9458f89516a0b8b0868f3718aec5b47" "fetch" "--locked" "--manifest-path" "Cargo.toml", kill_on_drop: false }`
[INFO] [stderr]     Blocking waiting for file lock on package cache
[INFO] [stderr]  Downloading crates ...
[INFO] [stderr]   Downloaded protobuf-codegen v2.8.1
[INFO] [stderr]   Downloaded protoc-grpcio v1.0.2
[INFO] [stderr]   Downloaded redis-async v0.5.2
[INFO] [stderr]   Downloaded protoc v2.8.1
[INFO] [stderr]   Downloaded tokio-tungstenite v0.9.0
[INFO] running `Command { std: "docker" "create" "-v" "/var/lib/crater-agent-workspace/builds/worker-9/target:/opt/rustwide/target:rw,Z" "-v" "/var/lib/crater-agent-workspace/builds/worker-9/source:/opt/rustwide/workdir:ro,Z" "-v" "/var/lib/crater-agent-workspace/cargo-home:/opt/rustwide/cargo-home:ro,Z" "-v" "/var/lib/crater-agent-workspace/rustup-home:/opt/rustwide/rustup-home:ro,Z" "-e" "SOURCE_DIR=/opt/rustwide/workdir" "-e" "CARGO_TARGET_DIR=/opt/rustwide/target" "-e" "CARGO_HOME=/opt/rustwide/cargo-home" "-e" "RUSTUP_HOME=/opt/rustwide/rustup-home" "-w" "/opt/rustwide/workdir" "-m" "1610612736" "--user" "0:0" "--network" "none" "rustops/crates-build-env@sha256:d92eaeed33fa75130ca1ee6c8a01d1ffb62bac859dfdfb3450e3e5d1c0146529" "/opt/rustwide/cargo-home/bin/cargo" "+72f88fc4e9458f89516a0b8b0868f3718aec5b47" "metadata" "--no-deps" "--format-version=1", kill_on_drop: false }`
[INFO] [stderr] WARNING: Your kernel does not support swap limit capabilities or the cgroup is not mounted. Memory limited without swap.
[INFO] [stdout] 4220786ead54848677a111e703c180a537cd1acd33e6d6213e20e5366aead94e
[INFO] running `Command { std: "docker" "start" "-a" "4220786ead54848677a111e703c180a537cd1acd33e6d6213e20e5366aead94e", kill_on_drop: false }`
[INFO] running `Command { std: "docker" "inspect" "4220786ead54848677a111e703c180a537cd1acd33e6d6213e20e5366aead94e", kill_on_drop: false }`
[INFO] running `Command { std: "docker" "rm" "-f" "4220786ead54848677a111e703c180a537cd1acd33e6d6213e20e5366aead94e", kill_on_drop: false }`
[INFO] [stdout] 4220786ead54848677a111e703c180a537cd1acd33e6d6213e20e5366aead94e
[INFO] running `Command { std: "docker" "create" "-v" "/var/lib/crater-agent-workspace/builds/worker-9/target:/opt/rustwide/target:rw,Z" "-v" "/var/lib/crater-agent-workspace/builds/worker-9/source:/opt/rustwide/workdir:ro,Z" "-v" "/var/lib/crater-agent-workspace/cargo-home:/opt/rustwide/cargo-home:ro,Z" "-v" "/var/lib/crater-agent-workspace/rustup-home:/opt/rustwide/rustup-home:ro,Z" "-e" "SOURCE_DIR=/opt/rustwide/workdir" "-e" "CARGO_TARGET_DIR=/opt/rustwide/target" "-e" "CARGO_INCREMENTAL=0" "-e" "RUST_BACKTRACE=full" "-e" "RUSTFLAGS=--cap-lints=forbid" "-e" "CARGO_HOME=/opt/rustwide/cargo-home" "-e" "RUSTUP_HOME=/opt/rustwide/rustup-home" "-w" "/opt/rustwide/workdir" "-m" "1610612736" "--user" "0:0" "--network" "none" "rustops/crates-build-env@sha256:d92eaeed33fa75130ca1ee6c8a01d1ffb62bac859dfdfb3450e3e5d1c0146529" "/opt/rustwide/cargo-home/bin/cargo" "+72f88fc4e9458f89516a0b8b0868f3718aec5b47" "check" "--frozen" "--all" "--all-targets" "--message-format=json", kill_on_drop: false }`
[INFO] [stdout] 7c76061d09e7e184550784122c715c051a0e41be96afa7058507b146c112884a
[INFO] [stderr] WARNING: Your kernel does not support swap limit capabilities or the cgroup is not mounted. Memory limited without swap.
[INFO] running `Command { std: "docker" "start" "-a" "7c76061d09e7e184550784122c715c051a0e41be96afa7058507b146c112884a", kill_on_drop: false }`
[INFO] [stderr]    Compiling libc v0.2.62
[INFO] [stderr]    Compiling autocfg v0.1.6
[INFO] [stderr]     Checking cfg-if v0.1.9
[INFO] [stderr]    Compiling log v0.4.8
[INFO] [stderr]    Compiling cc v1.0.45
[INFO] [stderr]    Compiling byteorder v1.3.2
[INFO] [stderr]     Checking lazy_static v1.4.0
[INFO] [stderr]     Checking futures v0.1.29
[INFO] [stderr]    Compiling pkg-config v0.3.16
[INFO] [stderr]     Checking smallvec v0.6.10
[INFO] [stderr]     Checking slab v0.4.2
[INFO] [stderr]     Checking stable_deref_trait v1.1.1
[INFO] [stderr]     Checking fnv v1.0.6
[INFO] [stderr]    Compiling getrandom v0.1.12
[INFO] [stderr]    Compiling unicode-xid v0.1.0
[INFO] [stderr]    Compiling proc-macro2 v1.0.3
[INFO] [stderr]    Compiling arrayvec v0.4.11
[INFO] [stderr]    Compiling protobuf v2.8.1
[INFO] [stderr]    Compiling ppv-lite86 v0.2.5
[INFO] [stderr]     Checking nodrop v0.1.13
[INFO] [stderr]    Compiling bitflags v1.1.0
[INFO] [stderr]    Compiling syn v1.0.5
[INFO] [stderr]     Checking scopeguard v1.0.0
[INFO] [stderr]    Compiling openssl v0.10.24
[INFO] [stderr]    Compiling failure_derive v0.1.5
[INFO] [stderr]     Checking foreign-types-shared v0.1.1
[INFO] [stderr]    Compiling remove_dir_all v0.5.2
[INFO] [stderr]    Compiling rustc-demangle v0.1.16
[INFO] [stderr]    Compiling native-tls v0.2.3
[INFO] [stderr]     Checking byte-tools v0.3.1
[INFO] [stderr]     Checking matches v0.1.8
[INFO] [stderr]    Compiling httparse v1.3.4
[INFO] [stderr]     Checking itoa v0.4.4
[INFO] [stderr]     Checking openssl-probe v0.1.2
[INFO] [stderr]    Compiling serde v1.0.101
[INFO] [stderr]     Checking opaque-debug v0.2.3
[INFO] [stderr]     Checking fake-simd v0.1.2
[INFO] [stderr]    Compiling ryu v1.0.0
[INFO] [stderr]     Checking utf-8 v0.7.5
[INFO] [stderr]     Checking owning_ref v0.4.0
[INFO] [stderr]     Checking crossbeam-utils v0.6.6
[INFO] [stderr]     Checking unicode-normalization v0.1.8
[INFO] [stderr]    Compiling cmake v0.1.42
[INFO] [stderr]     Checking foreign-types v0.3.2
[INFO] [stderr]    Compiling rand_chacha v0.1.1
[INFO] [stderr]    Compiling rand_pcg v0.1.2
[INFO] [stderr]    Compiling rand v0.6.5
[INFO] [stderr]     Checking unicode-bidi v0.3.4
[INFO] [stderr]     Checking block-padding v0.1.4
[INFO] [stderr]    Compiling proc-macro2 v0.4.30
[INFO] [stderr]     Checking lock_api v0.1.5
[INFO] [stderr]    Compiling c2-chacha v0.2.2
[INFO] [stderr]     Checking crossbeam-queue v0.1.2
[INFO] [stderr]    Compiling parking_lot_core v0.4.0
[INFO] [stderr]    Compiling memoffset v0.5.1
[INFO] [stderr]     Checking generic-array v0.12.3
[INFO] [stderr]     Checking tokio-executor v0.1.8
[INFO] [stderr]     Checking tokio-sync v0.1.6
[INFO] [stderr]    Compiling protoc v2.8.1
[INFO] [stderr]     Checking base64 v0.10.1
[INFO] [stderr]     Checking tokio-timer v0.2.11
[INFO] [stderr]     Checking tokio-current-thread v0.1.6
[INFO] [stderr]    Compiling quote v1.0.2
[INFO] [stderr]     Checking digest v0.8.1
[INFO] [stderr]     Checking block-buffer v0.7.3
[INFO] [stderr]    Compiling quote v0.6.13
[INFO] [stderr]     Checking iovec v0.1.2
[INFO] [stderr]     Checking rand_os v0.1.3
[INFO] [stderr]     Checking num_cpus v1.10.1
[INFO] [stderr]     Checking net2 v0.2.33
[INFO] [stderr]    Compiling openssl-sys v0.9.49
[INFO] [stderr]    Compiling backtrace-sys v0.1.31
[INFO] [stderr]    Compiling grpcio-sys v0.4.4
[INFO] [stderr]     Checking idna v0.2.0
[INFO] [stderr]    Compiling rand_core v0.5.1
[INFO] [stderr]     Checking sha-1 v0.8.1
[INFO] [stderr]     Checking bytes v0.4.12
[INFO] [stderr]     Checking futures-cpupool v0.1.8
[INFO] [stderr]    Compiling syn v0.15.44
[INFO] [stderr]     Checking crossbeam-epoch v0.7.2
[INFO] [stderr]     Checking mio v0.6.19
[INFO] [stderr]    Compiling rand_chacha v0.2.1
[INFO] [stderr]     Checking tokio-io v0.1.12
[INFO] [stderr]     Checking http v0.1.18
[INFO] [stderr]     Checking input_buffer v0.2.0
[INFO] [stderr]    Compiling rand v0.7.1
[INFO] [stderr]     Checking url v2.1.0
[INFO] [stderr]     Checking crossbeam-deque v0.7.1
[INFO] [stderr]     Checking tokio-threadpool v0.1.15
[INFO] [stderr]     Checking tokio-codec v0.1.1
[INFO] [stderr]    Compiling backtrace v0.3.37
[INFO] [stderr]     Checking mio-uds v0.6.7
[INFO] [stderr]     Checking parking_lot v0.7.1
[INFO] [stderr]     Checking tokio-reactor v0.1.9
[INFO] [stderr]     Checking tokio-fs v0.1.6
[INFO] [stderr]     Checking tokio-tcp v0.1.3
[INFO] [stderr]     Checking tokio-udp v0.1.5
[INFO] [stderr]     Checking tokio-uds v0.2.5
[INFO] [stderr]    Compiling tempfile v3.1.0
[INFO] [stderr]     Checking redis-async v0.5.2
[INFO] [stderr]     Checking tokio v0.1.22
[INFO] [stderr]     Checking tokio-dns-unofficial v0.3.1
[INFO] [stderr]    Compiling protobuf-codegen v2.8.1
[INFO] [stderr]    Compiling derive-new v0.5.8
[INFO] [stderr]    Compiling synstructure v0.10.2
[INFO] [stderr]     Checking tungstenite v0.9.1
[INFO] [stderr]     Checking tokio-tls v0.2.1
[INFO] [stderr]     Checking serde_json v1.0.41
[INFO] [stderr]     Checking tokio-tungstenite v0.9.0
[INFO] [stderr]    Compiling grpcio-compiler v0.5.0-alpha.2
[INFO] [stderr]    Compiling failure v0.1.5
[INFO] [stderr]    Compiling protoc-grpcio v1.0.2
[INFO] [stderr]    Compiling ancable-rs v0.1.0 (/opt/rustwide/workdir)
[INFO] [stderr] error: failed to run custom build command for `ancable-rs v0.1.0 (/opt/rustwide/workdir)`
[INFO] [stderr] 
[INFO] [stderr] Caused by:
[INFO] [stderr]   process didn't exit successfully: `/opt/rustwide/target/debug/build/ancable-rs-cb6d0b239b7d8c8f/build-script-build` (exit code: 101)
[INFO] [stderr]   --- stdout
[INFO] [stderr]   cargo:rerun-if-changed=src/protos
[INFO] [stderr] 
[INFO] [stderr]   --- stderr
[INFO] [stderr]   thread 'main' panicked at 'Failed to compile gRPC definitions!: Os { code: 30, kind: Other, message: "Read-only file system" }
[INFO] [stderr] 
[INFO] [stderr]   stack backtrace:
[INFO] [stderr]      0: failure::backtrace::internal::InternalBacktrace::new
[INFO] [stderr]                at /opt/rustwide/cargo-home/registry/src/github.com-1ecc6299db9ec823/failure-0.1.5/src/backtrace/internal.rs:44
[INFO] [stderr]      1: failure::backtrace::Backtrace::new
[INFO] [stderr]                at /opt/rustwide/cargo-home/registry/src/github.com-1ecc6299db9ec823/failure-0.1.5/src/backtrace/mod.rs:111
[INFO] [stderr]      2: <failure::error::error_impl::ErrorImpl as core::convert::From<F>>::from
[INFO] [stderr]                at /opt/rustwide/cargo-home/registry/src/github.com-1ecc6299db9ec823/failure-0.1.5/src/error/error_impl.rs:19
[INFO] [stderr]      3: <failure::error::Error as core::convert::From<F>>::from
[INFO] [stderr]                at /opt/rustwide/cargo-home/registry/src/github.com-1ecc6299db9ec823/failure-0.1.5/src/error/mod.rs:36
[INFO] [stderr]      4: <T as core::convert::Into<U>>::into
[INFO] [stderr]                at /rustc/72f88fc4e9458f89516a0b8b0868f3718aec5b47/library/core/src/convert/mod.rs:545
[INFO] [stderr]      5: failure::context::Context<D>::with_err
[INFO] [stderr]                at /opt/rustwide/cargo-home/registry/src/github.com-1ecc6299db9ec823/failure-0.1.5/src/context.rs:105
[INFO] [stderr]      6: failure::Fail::context
[INFO] [stderr]                at /opt/rustwide/cargo-home/registry/src/github.com-1ecc6299db9ec823/failure-0.1.5/src/lib.rs:160
[INFO] [stderr]      7: <core::result::Result<T,E> as failure::result_ext::ResultExt<T,E>>::context::{{closure}}
[INFO] [stderr]                at /opt/rustwide/cargo-home/registry/src/github.com-1ecc6299db9ec823/failure-0.1.5/src/result_ext.rs:164
[INFO] [stderr]      8: core::result::Result<T,E>::map_err
[INFO] [stderr]                at /rustc/72f88fc4e9458f89516a0b8b0868f3718aec5b47/library/core/src/result.rs:595
[INFO] [stderr]      9: <core::result::Result<T,E> as failure::result_ext::ResultExt<T,E>>::context
[INFO] [stderr]                at /opt/rustwide/cargo-home/registry/src/github.com-1ecc6299db9ec823/failure-0.1.5/src/result_ext.rs:164
[INFO] [stderr]     10: protoc_grpcio::write_out_generated_files
[INFO] [stderr]                at /opt/rustwide/cargo-home/registry/src/github.com-1ecc6299db9ec823/protoc-grpcio-1.0.2/src/lib.rs:91
[INFO] [stderr]     11: protoc_grpcio::compile_grpc_protos
[INFO] [stderr]                at /opt/rustwide/cargo-home/registry/src/github.com-1ecc6299db9ec823/protoc-grpcio-1.0.2/src/lib.rs:260
[INFO] [stderr]     12: build_script_build::main
[INFO] [stderr]                at build.rs:6
[INFO] [stderr]     13: core::ops::function::FnOnce::call_once
[INFO] [stderr]                at /rustc/72f88fc4e9458f89516a0b8b0868f3718aec5b47/library/core/src/ops/function.rs:227
[INFO] [stderr]     14: std::sys_common::backtrace::__rust_begin_short_backtrace
[INFO] [stderr]                at /rustc/72f88fc4e9458f89516a0b8b0868f3718aec5b47/library/std/src/sys_common/backtrace.rs:137
[INFO] [stderr]     15: std::rt::lang_start::{{closure}}
[INFO] [stderr]                at /rustc/72f88fc4e9458f89516a0b8b0868f3718aec5b47/library/std/src/rt.rs:66
[INFO] [stderr]     16: core::ops::function::impls::<impl core::ops::function::FnOnce<A> for &F>::call_once
[INFO] [stderr]                at /rustc/72f88fc4e9458f89516a0b8b0868f3718aec5b47/library/core/src/ops/function.rs:259
[INFO] [stderr]         std::panicking::try::do_call
[INFO] [stderr]                at library/std/src/panicking.rs:381
[INFO] [stderr]         std::panicking::try
[INFO] [stderr]                at library/std/src/panicking.rs:345
[INFO] [stderr]         std::panic::catch_unwind
[INFO] [stderr]                at library/std/src/panic.rs:382
[INFO] [stderr]         std::rt::lang_start_internal
[INFO] [stderr]                at library/std/src/rt.rs:51
[INFO] [stderr]     17: std::rt::lang_start
[INFO] [stderr]                at /rustc/72f88fc4e9458f89516a0b8b0868f3718aec5b47/library/std/src/rt.rs:65
[INFO] [stderr]     18: main
[INFO] [stderr]     19: __libc_start_main
[INFO] [stderr]     20: _start
[INFO] [stderr] 
[INFO] [stderr] 
[INFO] [stderr]   failed to create "src/protos/anycable_grpc.rs"
[INFO] [stderr] 
[INFO] [stderr]   failed to write generated grpc definitions', build.rs:11:7
[INFO] [stderr]   stack backtrace:
[INFO] [stderr]      0:     0x560c539d7d10 - std::backtrace_rs::backtrace::libunwind::trace::h452faf99f32e7c93
[INFO] [stderr]                                  at /rustc/72f88fc4e9458f89516a0b8b0868f3718aec5b47/library/std/src/../../backtrace/src/backtrace/libunwind.rs:96
[INFO] [stderr]      1:     0x560c539d7d10 - std::backtrace_rs::backtrace::trace_unsynchronized::he40edc71437667a1
[INFO] [stderr]                                  at /rustc/72f88fc4e9458f89516a0b8b0868f3718aec5b47/library/std/src/../../backtrace/src/backtrace/mod.rs:66
[INFO] [stderr]      2:     0x560c539d7d10 - std::sys_common::backtrace::_print_fmt::h6c51d6ade71f46bf
[INFO] [stderr]                                  at /rustc/72f88fc4e9458f89516a0b8b0868f3718aec5b47/library/std/src/sys_common/backtrace.rs:79
[INFO] [stderr]      3:     0x560c539d7d10 - <std::sys_common::backtrace::_print::DisplayBacktrace as core::fmt::Display>::fmt::h3cd15d7003dec37a
[INFO] [stderr]                                  at /rustc/72f88fc4e9458f89516a0b8b0868f3718aec5b47/library/std/src/sys_common/backtrace.rs:58
[INFO] [stderr]      4:     0x560c539fc9ec - core::fmt::write::h1857a60b204f1b6a
[INFO] [stderr]                                  at /rustc/72f88fc4e9458f89516a0b8b0868f3718aec5b47/library/core/src/fmt/mod.rs:1080
[INFO] [stderr]      5:     0x560c539d5297 - std::io::Write::write_fmt::hac61caff894c35ae
[INFO] [stderr]                                  at /rustc/72f88fc4e9458f89516a0b8b0868f3718aec5b47/library/std/src/io/mod.rs:1517
[INFO] [stderr]      6:     0x560c539d9f10 - std::sys_common::backtrace::_print::haa2f390fb7957e3e
[INFO] [stderr]                                  at /rustc/72f88fc4e9458f89516a0b8b0868f3718aec5b47/library/std/src/sys_common/backtrace.rs:61
[INFO] [stderr]      7:     0x560c539d9f10 - std::sys_common::backtrace::print::h48c7cbbad9013bb1
[INFO] [stderr]                                  at /rustc/72f88fc4e9458f89516a0b8b0868f3718aec5b47/library/std/src/sys_common/backtrace.rs:48
[INFO] [stderr]      8:     0x560c539d9f10 - std::panicking::default_hook::{{closure}}::h8b7ff05a31e71d55
[INFO] [stderr]                                  at /rustc/72f88fc4e9458f89516a0b8b0868f3718aec5b47/library/std/src/panicking.rs:208
[INFO] [stderr]      9:     0x560c539d9c5c - std::panicking::default_hook::h2f00c78800d98e4c
[INFO] [stderr]                                  at /rustc/72f88fc4e9458f89516a0b8b0868f3718aec5b47/library/std/src/panicking.rs:227
[INFO] [stderr]     10:     0x560c539da573 - std::panicking::rust_panic_with_hook::h4eaa635e4694aef3
[INFO] [stderr]                                  at /rustc/72f88fc4e9458f89516a0b8b0868f3718aec5b47/library/std/src/panicking.rs:577
[INFO] [stderr]     11:     0x560c539da149 - std::panicking::begin_panic_handler::{{closure}}::hec242f1b136b5ff2
[INFO] [stderr]                                  at /rustc/72f88fc4e9458f89516a0b8b0868f3718aec5b47/library/std/src/panicking.rs:484
[INFO] [stderr]     12:     0x560c539d817c - std::sys_common::backtrace::__rust_end_short_backtrace::h1f3cc383ee6c0374
[INFO] [stderr]                                  at /rustc/72f88fc4e9458f89516a0b8b0868f3718aec5b47/library/std/src/sys_common/backtrace.rs:153
[INFO] [stderr]     13:     0x560c539da109 - rust_begin_unwind
[INFO] [stderr]                                  at /rustc/72f88fc4e9458f89516a0b8b0868f3718aec5b47/library/std/src/panicking.rs:483
[INFO] [stderr]     14:     0x560c539fa8c1 - core::panicking::panic_fmt::hb15d6f55e8472f62
[INFO] [stderr]                                  at /rustc/72f88fc4e9458f89516a0b8b0868f3718aec5b47/library/core/src/panicking.rs:85
[INFO] [stderr]     15:     0x560c539fa6e3 - core::option::expect_none_failed::he492a18657d97593
[INFO] [stderr]                                  at /rustc/72f88fc4e9458f89516a0b8b0868f3718aec5b47/library/core/src/option.rs:1221
[INFO] [stderr]     16:     0x560c536d5e31 - core::result::Result<T,E>::expect::hcde10588f149acff
[INFO] [stderr]                                  at /rustc/72f88fc4e9458f89516a0b8b0868f3718aec5b47/library/core/src/result.rs:933
[INFO] [stderr]     17:     0x560c536d107b - build_script_build::main::h43dac2e57693a2c4
[INFO] [stderr]                                  at /opt/rustwide/workdir/build.rs:6
[INFO] [stderr]     18:     0x560c536d061b - core::ops::function::FnOnce::call_once::h770777296b1cd9da
[INFO] [stderr]                                  at /rustc/72f88fc4e9458f89516a0b8b0868f3718aec5b47/library/core/src/ops/function.rs:227
[INFO] [stderr]     19:     0x560c536d10ce - std::sys_common::backtrace::__rust_begin_short_backtrace::ha3f11af83470a325
[INFO] [stderr]                                  at /rustc/72f88fc4e9458f89516a0b8b0868f3718aec5b47/library/std/src/sys_common/backtrace.rs:137
[INFO] [stderr]     20:     0x560c536db911 - std::rt::lang_start::{{closure}}::h3eab7ae6e33f2a68
[INFO] [stderr]                                  at /rustc/72f88fc4e9458f89516a0b8b0868f3718aec5b47/library/std/src/rt.rs:66
[INFO] [stderr]     21:     0x560c539da971 - core::ops::function::impls::<impl core::ops::function::FnOnce<A> for &F>::call_once::hecc21eb9018cc197
[INFO] [stderr]                                  at /rustc/72f88fc4e9458f89516a0b8b0868f3718aec5b47/library/core/src/ops/function.rs:259
[INFO] [stderr]     22:     0x560c539da971 - std::panicking::try::do_call::h174ad655d084b5c7
[INFO] [stderr]                                  at /rustc/72f88fc4e9458f89516a0b8b0868f3718aec5b47/library/std/src/panicking.rs:381
[INFO] [stderr]     23:     0x560c539da971 - std::panicking::try::h479e6054ce28de10
[INFO] [stderr]                                  at /rustc/72f88fc4e9458f89516a0b8b0868f3718aec5b47/library/std/src/panicking.rs:345
[INFO] [stderr]     24:     0x560c539da971 - std::panic::catch_unwind::hb558ddea2b3e9c45
[INFO] [stderr]                                  at /rustc/72f88fc4e9458f89516a0b8b0868f3718aec5b47/library/std/src/panic.rs:382
[INFO] [stderr]     25:     0x560c539da971 - std::rt::lang_start_internal::h163149047f0a8b61
[INFO] [stderr]                                  at /rustc/72f88fc4e9458f89516a0b8b0868f3718aec5b47/library/std/src/rt.rs:51
[INFO] [stderr]     26:     0x560c536db8e7 - std::rt::lang_start::h305845fdb2f03c74
[INFO] [stderr]                                  at /rustc/72f88fc4e9458f89516a0b8b0868f3718aec5b47/library/std/src/rt.rs:65
[INFO] [stderr]     27:     0x560c536d10ba - main
[INFO] [stderr]     28:     0x7f04f1d1d0b3 - __libc_start_main
[INFO] [stderr]     29:     0x560c536c71ae - _start
[INFO] [stderr]     30:                0x0 - <unknown>
[INFO] [stderr] warning: build failed, waiting for other jobs to finish...
[INFO] [stderr] error: build failed
[INFO] running `Command { std: "docker" "inspect" "7c76061d09e7e184550784122c715c051a0e41be96afa7058507b146c112884a", kill_on_drop: false }`
[INFO] running `Command { std: "docker" "rm" "-f" "7c76061d09e7e184550784122c715c051a0e41be96afa7058507b146c112884a", kill_on_drop: false }`
[INFO] [stdout] 7c76061d09e7e184550784122c715c051a0e41be96afa7058507b146c112884a
